fa00c (base 16) to base 7.
-11463313
What is -203122214 (base 6) in base 2?
-1101011000111101000010
What is 986769 (base 10) in base 6?
33052213
-101101110001010101000 (base 2) to base 8
-5561250
ac8bc (base 13) to base 8
1144211
What is -1269d8 (base 14) in base 13?
-192200
Convert -23606304 (base 8) to base 14.
-98bd9a
66525433 (base 7) to base 3
101210111221201
What is -10100110010101 (base 2) in base 9?
-15537
Convert 973c8 (base 13) to base 8.
1025313
What is -1526022 (base 7) in base 10?
-208560
-11101001110010011100 (base 2) to base 3
-1210122120112
What is 4d7a4 (base 14) in base 7?
1423264
3fc1d (base 16) to base 6
5333005
-4321321434 (base 5) to base 14
-1308b03
-79c476 (base 13) to base 7
-33335640
Convert 675256 (base 10) to base 6.
22250104
What is 121332321 (base 4) in base 7?
622164
21b695 (base 12) to base 13
15b093
What is -228734 (base 9) in base 15?
-2abba
Convert -10111000010101100010000 (base 2) to base 7.
-102225211
-101240222 (base 6) to base 9
-3252505
8b08b4 (base 13) to base 4
30202033332
-552626 (base 7) to base 11
-669a9
3316744 (base 8) to base 13
253253
What is 11311002030 (base 4) in base 6?
52425500
What is 53c99 (base 16) in base 3?
122102202212
424231432 (base 5) to base 15
2553cc
What is -102101010211021 (base 3) in base 13?
-1338901
What is -50753b (base 14) in base 5?
-1143144421
Convert 5aa69 (base 14) to base 6.
4425445
What is -25315264 (base 7) in base 10?
-2290012
Convert -2a438 (base 14) to base 5.
-11330411
What is 1c4c46 (base 14) in base 15?
14eda6
What is -1a01e7 (base 16) in base 11?
-a64616
Convert 497803 (base 16) to base 12.
1742457
What is -11001101011001101011 (base 2) in base 5?
-203410243
-122300204 (base 5) to base 3
-1002211222021
-2263604 (base 12) to base 3
-110102022122011
Convert -2411403034 (base 5) to base 10.
-5575394
What is -10100100110001000110000 (base 2) in base 6?
-311415440
Convert -220001 (base 7) to base 2.
-1001011000010001
9266a (base 15) to base 3
212120020201
-250a732 (base 11) to base 14
-817c01
Convert -5225 (base 8) to base 10.
-2709
Convert 101101111110000011 (base 2) to base 4.
231332003
What is 101100111111011101 (base 2) in base 7?
1365163
Convert 4044544 (base 9) to base 15.
2c8964
What is -1212607 (base 8) in base 15?
-68acb
What is -210200131 (base 5) in base 6?
-30315414
Convert -1f86c (base 16) to base 2.
-11111100001101100
Convert 14004134 (base 5) to base 2.
100010011101110001
-38593 (base 15) to base 5
-21231023
114433232 (base 5) to base 16
85513
What is 12444642 (base 7) in base 2?
100010101101011011001
What is 28575 (base 13) in base 4?
102131313
23123312110 (base 4) to base 5
1231411102
Convert 11002010 (base 5) to base 16.
16f35
Convert 2552511 (base 7) to base 13.
b831a
What is 2b9274 (base 15) in base 2?
1000000010010010111111
69292 (base 10) to base 16
10eac
Convert -13241403 (base 6) to base 12.
-193263
Convert -15c38 (base 13) to base 16.
-a295
Convert -78c08 (base 13) to base 11.
-13aa41
-25466 (base 13) to base 2
-10000110100000011
Convert 20010100101202 (base 3) to base 8.
14324422
What is -15771335 (base 9) in base 5?
-4010303243
cad9 (base 15) to base 7
236142
1dbd (base 16) to base 9
11388
What is -12113130223 (base 4) in base 15?
-22e757
What is 1007c (base 13) in base 9?
43278
Convert 532746 (base 13) to base 12.
79b233
What is -37b1c5 (base 14) in base 2?
-111010011000001101001
-12210120000020 (base 3) to base 7
-35122635
Convert -1001101101100000011100 (base 2) to base 13.
-6b1936
Convert 6967 (base 13) to base 12.
8684
Convert -24321655 (base 7) to base 12.
-889a3a
-4d032 (base 16) to base 15
-636e7
What is 1805158 (base 10) in base 4?
12320231212
What is 212860 (base 10) in base 11?
135a1a
-1219457 (base 12) to base 3
-20121212022211
What is 2343114432 (base 5) in base 2?
10100110000100101001011
311803 (base 11) to base 16
7a180
Convert -12991 (base 10) to base 3.
-122211011
What is 21554545 (base 6) in base 7?
5356451
Convert 6636959 (base 11) to base 5.
10440224414
30178 (base 11) to base 15
d11e
Convert -4513185 (base 11) to base 6.
-441313551
26716 (base 12) to base 8
147202
What is -101001010010101 (base 2) in base 6?
-241513
Convert -f3625 (base 16) to base 4.
-3303120211
130252 (base 10) to base 14
3567a
3612072 (base 9) to base 3
10200102002102
6bac (base 16) to base 2
110101110101100
Convert 77536 (base 9) to base 2.
1100100100001100
What is -101002022000 (base 3) in base 4?
-300131220
What is -130642601 (base 7) in base 15?
-aed222
Convert 502253312 (base 6) to base 11.
4895921
What is -2847909 (base 11) in base 8?
-22543235
What is -44ba40 (base 13) in base 10?
-1625325
252411122 (base 6) to base 9
10164725
Convert -281314 (base 14) to base 9.
-2542612
-516b80 (base 12) to base 15
-1a3549
Convert 75d0 (base 14) to base 12.
b956
What is 101100101111011011011 (base 2) in base 5?
333403300
Convert 91800 (base 13) to base 7.
2133522
-32000022100 (base 4) to base 14
-6b79cc
1433214020 (base 5) to base 4
32200301210
-11101000100100010101 (base 2) to base 6
-32230101
What is -31320313 (base 4) in base 13?
-1cb7c
12356321 (base 8) to base 16
29dcd1
Convert 6616645 (base 7) to base 8.
3061002
Convert 1ccd1 (base 14) to base 2.
10010000010010111
215153023 (base 6) to base 13
a61523
What is 1236ab7 (base 12) in base 10?
3557803
211201210210 (base 3) to base 12
196b49
What is 5452370 (base 8) in base 3?
2202100121100
-1443440201 (base 5) to base 11
-2217720
2074012 (base 9) to base 11
69a29a
What is -10100001100101001011 (base 2) in base 9?
-1217772
Convert -10101010111111011 (base 2) to base 12.
-427b7
What is -1b8b04 (base 13) in base 6?
-23035235
7040050 (base 8) to base 12
753520
What is 5075d (base 14) in base 5?
22143120
What is -10cf3 (base 16) in base 7?
-404506
Convert -8e5fe (base 16) to base 12.
-241592
What is -42436 (base 8) in base 7?
-102405
Convert 12056633 (base 7) to base 9.
2015158
-112222100 (base 4) to base 15
-1c77b
Convert -72b8a (base 12) to base 3.
-21122011121
214441133 (base 7) to base 2
110001001101101001111101
What is 10202010102 (base 3) in base 4?
101333321
What is -11010101011001010 (base 2) in base 3?
-12112212121
Convert 145976 (base 10) to base 3.
21102020112
What is 1815d4d (base 14) in base 15?
109c08b
3ea601 (base 16) to base 10
4105729
What is -f99e (base 16) in base 5?
-4021102
What is -342615 (base 10) in base 2?
-1010011101001010111
-14444422 (base 6) to base 3
-221121011212
What is 7657c9 (base 16) in base 9?
15530757
What is 4dd85 (base 14) in base 5?
22121001
Convert -21012123 (base 6) to base 9.
-1126386
Convert a669a5 (base 11) to base 4.
12200320122
Convert -122322201 (base 6) to base 14.
-455ac1
-184ba1 (base 13) to base 7
-5122025
What is -705335 (base 8) in base 7?
-1654562
Convert 101111110101000010000101 (base 2) to base 13.
279cb39
-69a9d (base 14) to base 2
-111110110100001011
What is 11030323201 (base 4) in base 13?
389917
Convert 126ac (base 13) to base 16.
853f
What is 381102 (base 9) in base 12?
b143b
124115124 (base 6) to base 13
673c0c
What is -101202021010 (base 3) in base 10?
-211602
Convert 22324114 (base 5) to base 7.
1455116
Convert -144843 (base 10) to base 12.
-6b9a3
What is 5c184 (base 14) in base 2?
110111000000101000
Convert 80538c (base 14) to base 13.
b81c6a
-38aa83 (base 16) to base 7
-43365006
Convert 121122101120 (base 3) to base 15.
67106
What is 210221000200 (base 3) in base 7?
3445161
What is 22a164 (base 11) in base 5?
43134020
What is -91879 (base 10) in base 3?
-11200000221
What is 3862a8 (base 16) in base 11?
20a4349
Convert -28559 (base 13) to base 2.
-10010011101100001
547742 (base 13) to base 6
110332325
-111202001002 (base 3) to base 10
-270488
What is 110210013 (base 4) in base 7?
500400
10001101100110001111 (base 2) to base 15
b6ca8
10303132 (base 5) to base 8
253555
What is -2a550 (base 11) in base 12?
-21044
What is 100011001100101100 (base 2) in base 10?
144172
11203010000 (base 4) to base 5
333014321
Convert -321000300 (base 4) to base 13.
-823a1
What is -254c4 (base 14) in base 8?
-262564
Convert 1017017 (base 11) to base 16.
1b65d1
Convert 111211010221001 (base 3) to base 16.
7011ee
What is 1321403 (base 11) in base 4?
20232003312
Convert 466020 (base 9) to base 16.
44592
Convert -1112200221 (base 3) to base 2.
-111011011000000
What i